{"id":11,"date":"2026-05-13T08:50:01","date_gmt":"2026-05-13T08:50:01","guid":{"rendered":"https:\/\/nevent.pl\/?page_id=11"},"modified":"2026-05-13T08:55:56","modified_gmt":"2026-05-13T08:55:56","slug":"oferta","status":"publish","type":"page","link":"https:\/\/nevent.pl\/?page_id=11","title":{"rendered":"Oferta"},"content":{"rendered":"        <section class=\"ne-section\"><div class=\"ne-container\"><div class=\"ne-title\"><small>Oferta<\/small><h1>Kompleksowa obs\u0142uga wydarze\u0144<\/h1><p>Ogarniamy wydarzenia od technicznej strony: nag\u0142o\u015bnienie, \u015bwiat\u0142o, DJ, mikrofony, scena, routing, realizacja i rental.<\/p><\/div><div class=\"ne-grid-3\">\n        <div class=\"ne-card\"><div class=\"ne-icon\">A<\/div><h3>Nag\u0142o\u015bnienie plenerowe<\/h3><p>System liniowy RCF HDL 6-A, subwoofery RCF 8008\/8003, front fill, ods\u0142uchy i konfiguracja pod teren.<\/p><\/div>\n        <div class=\"ne-card\"><div class=\"ne-icon\">B<\/div><h3>Imprezy prywatne<\/h3><p>Osiemnastki, urodziny, jubileusze, imprezy rodzinne i taneczne. DJ, \u015bwiat\u0142o, mikrofony, konkursy i prowadzenie.<\/p><\/div>\n        <div class=\"ne-card\"><div class=\"ne-icon\">C<\/div><h3>Eventy firmowe<\/h3><p>Konferencje, prezentacje, bankiety, integracje, eventy promocyjne i obs\u0142uga mikrofonowa.<\/p><\/div>\n        <div class=\"ne-card\"><div class=\"ne-icon\">D<\/div><h3>O\u015bwietlenie<\/h3><p>G\u0142owice, LED bary, PAR-y, efekty, haze, DMX. Od eleganckiej oprawy po klubowy pazur.<\/p><\/div>\n        <div class=\"ne-card\"><div class=\"ne-icon\">E<\/div><h3>DJ setup<\/h3><p>Pioneer DJM-A9, CDJ-3000, mikrofony, ods\u0142uchy i profesjonalny setup do wyst\u0119p\u00f3w DJ.<\/p><\/div>\n        <div class=\"ne-card\"><div class=\"ne-icon\">F<\/div><h3>Rental z obs\u0142ug\u0105<\/h3><p>Wynajem sprz\u0119tu z transportem, monta\u017cem, konfiguracj\u0105 i opiek\u0105 techniczn\u0105 w trakcie wydarzenia.<\/p><\/div>\n        <\/div><div class=\"ne-edit-info\">Tu mo\u017cesz doda\u0107 zdj\u0119cia sprz\u0119tu, tabel\u0119 pakiet\u00f3w, orientacyjny cennik albo szczeg\u00f3\u0142owe warunki wsp\u00f3\u0142pracy.<\/div><\/div><\/section>\n        \n<h2>Dodatkowe informacje<\/h2>\n<p>W tym miejscu mo\u017cesz dopisa\u0107 w\u0142asne pakiety, ceny orientacyjne, warunki rezerwacji, opis dojazdu, informacje o zaliczce albo doda\u0107 zdj\u0119cia sprz\u0119tu.<\/p>\n","protected":false},"excerpt":{"rendered":"<p>Dodatkowe informacje W tym miejscu mo\u017cesz dopisa\u0107 w\u0142asne pakiety, ceny orientacyjne, warunki rezerwacji, opis dojazdu, informacje o zaliczce albo doda\u0107 zdj\u0119cia sprz\u0119tu.<\/p>\n","protected":false},"author":1,"featured_media":0,"parent":0,"menu_order":0,"comment_status":"closed","ping_status":"closed","template":"","meta":{"footnotes":""},"class_list":["post-11","page","type-page","status-publish","hentry"],"_links":{"self":[{"href":"https:\/\/nevent.pl\/index.php?rest_route=\/wp\/v2\/pages\/11","targetHints":{"allow":["GET"]}}],"collection":[{"href":"https:\/\/nevent.pl\/index.php?rest_route=\/wp\/v2\/pages"}],"about":[{"href":"https:\/\/nevent.pl\/index.php?rest_route=\/wp\/v2\/types\/page"}],"author":[{"embeddable":true,"href":"https:\/\/nevent.pl\/index.php?rest_route=\/wp\/v2\/users\/1"}],"replies":[{"embeddable":true,"href":"https:\/\/nevent.pl\/index.php?rest_route=%2Fwp%2Fv2%2Fcomments&post=11"}],"version-history":[{"count":1,"href":"https:\/\/nevent.pl\/index.php?rest_route=\/wp\/v2\/pages\/11\/revisions"}],"predecessor-version":[{"id":26,"href":"https:\/\/nevent.pl\/index.php?rest_route=\/wp\/v2\/pages\/11\/revisions\/26"}],"wp:attachment":[{"href":"https:\/\/nevent.pl\/index.php?rest_route=%2Fwp%2Fv2%2Fmedia&parent=11"}],"curies":[{"name":"wp","href":"https:\/\/api.w.org\/{rel}","templated":true}]}}